s of s?
2, 3, 89
Suppose -11*o - o - 60 = 0. Let t(g) = -2 - 6*g + 3*g - 10*g. What are the prime factors of t(o)?
3, 7
Let h(j) = 12*j - 13. Suppose -s - 35 = -5*n, n - s - 2*s = 21. Let l be h(n). Let u = l - 35. What are the prime factors of u?
2, 3
Let g be ((-36)/(-8))/(-3)*-2. Suppose -g*x = -5*s - 13, 0*s - 5 = -3*s + 5*x. What are the prime factors of (-828)/(-20) - (-2)/s?
41
Let b be 2964/84 - 4/14. Suppose 5*d - 227 = -q, 3*q - 4*d = 684 + b. List the prime factors of q.
3, 79
What are the prime factors of (1610 - -1)*((-1 - 9) + 11)?
3, 179
Let w(n) = n**3 - 47*n**2 + 35*n - 94. What are the prime factors of w(51)?
5, 41, 59
Let d(u) be the first derivative of u**3/3 - 3*u**2 + 95*u - 9. List the prime factors of d(22).
3, 149
Let h(u) be the first derivative of -14*u**4 - u**3 + u**2 + 5*u + 46. What are the prime factors of h(-2)?
19, 23
Let k(m) = 2*m + 19. Let f be k(-8). Suppose f*t - 756 - 285 = 0. What are the prime factors of t?
347
Let p(r) = -2*r**2 + 29*r + 37. Let y be p(16). List the prime factors of y/(66/2886)*-3.
3, 13, 37
Let i be (-2)/4 + 125/(-50). Let m = i - -744. List the prime factors of m.
3, 13, 19
Suppose 0 = 4*g - 4*p - 20341 - 30211, 12*g = -p + 151656. What are the prime factors of g?
2, 71, 89
What are the prime factors of (-2 + -2395 + 2)*891/(-165)?
3, 479
Suppose -43 + 143 = 25*i. Suppose 0 = -i*p - 5*d + 580 + 839, -4*p + 1469 = -5*d. What are the prime factors of p?
19
Suppose -5*u + 173482 = -3*q, 43*u + q + 173494 = 48*u. List the prime factors of u.
2, 5, 347
Suppose 1948 = -13*q + 219. Let w = -110 - q. What are the prime factors of w?
23
Let f = 40252 + -20806. List the prime factors of f.
2, 3, 7, 463
What are the prime factors of 8568/459*729/2?
2, 3, 7
Let z(y) = -y**3 + 17*y**2 - 30*y + 4. Let t be z(15). What are the prime factors of t/18 - (12 - (-11404)/(-36))?
5, 61
Suppose 4*d = -5*v + 178420, v - 40*d - 35703 = -37*d. What are the prime factors of v?
2, 3, 1487
Suppose v + 247 = 5*k, -2*v = -k - 4*v + 45. Let n = 425 - k. Suppose -37*l + n = -33*l. What are the prime factors of l?
2, 47
Suppose 11*y - 14*y = -5*r + 6, 0 = r - 2*y - 4. Let x(o) = -o**2 - 4*o + 877. List the prime factors of x(r).
877
Let r = -185 + 187. Suppose r*b - 4*g - 3058 = 0, 3*g + 420 = -5*b + 8065. List the prime factors of b.
11, 139
Let u(p) = -3*p**3 + 6*p**2 + 2*p - 8. Let s be u(2). Let x(h) = -11*h. List the prime factors of x(s).
2, 11
Let v be -3 + (3 - 2) - -8. Let h be (-3)/(-4)*v*(-50)/(-75). Suppose -5 = -g, 0*g - h*g = -2*w + 1. What are the prime factors of w?
2
What are the prime factors of 4803 - 1 - (-6 - (-9 + -1))?
2, 2399
Suppose -11*z + 11 = -0. Let o(h) = -109*h - 1. Let a be o(z). Let x = 189 + a. List the prime factors of x.
79
Suppose 0 = -2*t + 2164 + 4280. List the prime factors of t.
2, 3, 179
Let b(m) = m**2 + 6*m - 14. Let c be b(-8). Suppose -c = u - 6. Suppose 2*l + 228 = 5*x, 3*x = -x - u*l + 188. List the prime factors of x.
2, 23
Suppose -3*v = 12, 2*a = -3*a - 2*v + 267. Suppose q + a + 38 = 0. Let r = 148 + q. What are the prime factors of r?
5, 11
Let k be (-4)/(-8)*-4 + 6. Suppose 0 = 5*w + 4*c - 8, -w - k*c = -0*c + 8. Suppose -3*i - 399 = -5*r, -2*i + 4*i - w = 0. What are the prime factors of r?
3
Let d be (20/4 - -1057) + -4. Suppose 5*y = -d + 3693. What are the prime factors of y?
17, 31
Let d(o) = 40*o**3 + 2*o**2 + 75*o - 20. List the prime factors of d(8).
2, 5297
What are the prime factors of 6/(-102) + (7 - 503474/(-34))?
5, 2963
List the prime factors of 39323600/900 - (80/18)/(-4).
2, 7, 3121
List the prime factors of 531720/1656 - 2/23.
3, 107
Suppose -1621 = -3*f - n - 666, f = 3*n + 335. Suppose 5*h = 3*m + 838, 2*h - 4*h + 5*m = -f. List the prime factors of h.
2, 5, 17
Let o(y) be the third derivative of -y**6/120 + y**5/60 - y**4/4 + 346*y**3/3 - 111*y**2. What are the prime factors of o(0)?
2, 173
Let p be (-6)/7 - (-180)/63. Suppose -203 = -w - 3*s, 0 = p*w - 5*s - 675 + 247. List the prime factors of w.
11, 19
Suppose 27 = -3*y - 24. Let q(p) = -9*p + 6. What are the prime factors of q(y)?
3, 53
Suppose 0 = 9733*b - 9696*b - 689976. What are the prime factors of b?
2, 3, 7, 37
Suppose 3*u + 3 = -h - 3, -5*u + 1 = -2*h. List the prime factors of (292/10)/((-6)/(-5) + u).
2, 73
Let f = -31619 + 52789. List the prime factors of f.
2, 5, 29, 73
Suppose 187260 + 118737 = 25*u + 61722. What are the prime factors of u?
3, 3257
Let w be 0 + (-2)/(-12) + 66/36. List the prime factors of (-12)/(-24) - (2 - 2279/w).
2, 569
What are the prime factors of 1020/612 + 3 + (-77588)/(-6)?
2, 3, 7, 11
Let m(t) be the second derivative of 37/6*t**3 - 2*t + 0 + 1/2*t**2. List the prime factors of m(2).
3, 5
Let s = 314 - -555. Let b = s + -499. What are the prime factors of b?
2, 5, 37
Let r be (-3)/(-4) + (537795/(-36))/17. Let t = r + 1820. List the prime factors of t.
2, 3, 157
Let c = -782 - -5135. What are the prime factors of c?
3, 1451
Let b = 51 - 30. Suppose b = 2*p + 3*a, -3*p + a - 1 = -5. Suppose 188 - 29 = p*w. List the prime factors of w.
53
Let o = -67 + 70. Let v be -1*12/o + 115. Let h = 152 + v. List the prime factors of h.
263
Suppose -1 = g - 2*o, 23 = 2*g + 2*o - 5. Suppose 1847 = g*c - 3292. List the prime factors of c.
571
Suppose -3*j + 375 = 3*z, -4*z + 507 = 3*j - 6*j. Let u = -113 + z. What are the prime factors of u?
13
Let m be 3/6*(-5 - 33). List the prime factors of (106/6)/(((-19)/12)/m).
2, 53
Let d(s) = 130*s**2 + 2097*s + 44. What are the prime factors of d(-20)?
2, 3, 421
Let h = -248 + 308. What are the prime factors of 4932/h*(5 - 0)?
3, 137
Let l be ((-2)/6)/(5 + (-44)/9). List the prime factors of 8079/12 - ((-3)/4)/l.
673
List the prime factors of (3 - 1536/6)*(2 + -3 - 46).
11, 23, 47
Suppose 5*u + 779 = 2*t, -4*u - 1905 = -t - 4*t. Let z = t - 114. List the prime factors of z.
263
Suppose 3*x + 38*y - 13662 = 41*y, -3*x - 3*y = -13638. List the prime factors of x.
2, 5, 7, 13
Let l = -49 + 46. Let q = -1 - l. List the prime factors of ((-9)/(-12))/((-4)/(-434 + q)).
3
Suppose -8*a + 45 = -11*a. Let n be 4 - 20/4 - a. Let s(d) = -d**3 + 16*d**2 - 19*d + 7. List the prime factors of s(n).
7, 19
Suppose 2993*t = 2990*t + 89247. What are the prime factors of t?
71, 419
Let o(n) be the third derivative of 17*n**5/30 + 5*n**4/24 + 3*n**3/2 - 35*n**2. Let s be o(12). What are the prime factors of ((-12)/4)/(-27) - s/(-27)?
2, 23
Let c = -7108 - -19982. List the prime factors of c.
2, 41, 157
Let g(r) be the third derivative of r**4/8 + 35*r**3/3 + r**2. Let i = -874 + 874. What are the prime factors of g(i)?
2, 5, 7
Suppose -2*c + 65*u = 70*u - 51431, 3*u + 128593 = 5*c. List the prime factors of c.
2, 7, 11, 167
Suppose -4*q + 5*y = -40, -2*q + 2*y = 4*y - 2. Suppose q = x - 0. Suppose -x*k = -5*f + 549 - 19, 5*f + 5*k - 490 = 0. What are the prime factors of f?
2, 3, 17
What are the prime factors of (45/6)/((-24)/36 + (-1565)/(-2334))?
5, 389
Let v = 720 + 169. Let u = v - 414. List the prime factors of u.
5, 19
Let n = -280 - -1149. Suppose n*j - 798 = 866*j. List the prime factors of j.
2, 7, 19
Suppose -31 = -6*u - 61. Let o(c) = -4*c - 20. Let y be o(u). What are the prime factors of ((-790)/30)/(y + 1/(-6))?
2, 79
Let b be (8/8*-2)/((-2)/12902). Suppose -8*c - 830 = -b. List the prime factors of c.
3, 503
Let f(b) = -130*b - 1455. Let k(j) = 16*j + 182. Let i(u) = 3*f(u) + 25*k(u). What are the prime factors of i(21)?
5, 79
Suppose 14869 = 2*n + 9*c - 6*c, -n - 2*c + 7432 = 0. What are the prime factors of n?
2, 61
List the prime factors of 1596/152*544/3.
2, 7, 17
Suppose 0*u - 804 = -4*u. Suppose -3*z - u = -3*m, 2*m - 2*z + 3*z - 146 = 0. What are the prime factors of m?
71
Let t(v) = -56*v**3 + 3*v**2 + 39*v + 528. What are the prime factors of t(-8)?
2, 5, 727
Let o = 83 - 88. Let l = o + 72. List the prime factors of l.
67
Suppose 162788 = 4*i - 2*h, -149*i + 153*i - 4*h - 162792 = 0. What are the prime factors of i?
2, 5087
Suppose 4*p = z + 73737, -p = 275*z - 270*z - 18429. List the prime factors of p.
2, 13, 709
Let t be -4 - (-5 + 4 + 3). What are the prime factors of -1*(-387 + t/(-3))?
5, 7, 11
Suppose -12 = -3*o, -2*q + 4*q + 4*o - 416 = 0. Suppose -4*c - 2*b - 110 = -880, c + 2*b - q = 0. Suppose c = 19*i -